- 2*m - 134. Calculate i(0).
-134
Let l(z) = 18468*z - 92316. Give l(5).
24
Let i(v) = 23*v**3 + 7982*v**2 + 330*v - 5901. What is i(-347)?
-2
Let t(n) = 5*n**2 - 277*n - 754. What is t(58)?
0
Let a(i) = 1051206*i - 6307243. Determine a(6).
-7
Let y(q) = q**3 - 44*q**2 + 342*q - 86. Give y(34).
-18
Let y(w) = -32964*w + 1021857. Give y(31).
-27
Let u(a) = -21475*a - 128975. Determine u(-6).
-125
Let f(p) = -p**3 + 19*p**2 - 123*p - 307. Determine f(10).
-637
Let p(x) = -969*x - 16467. Determine p(-17).
6
Let k(g) = -96*g**2 - 2589*g + 123. Calculate k(-27).
42
Let d(p) = -694*p**2 + 4861*p + 5. What is d(7)?
26
Let f(c) = -79*c**3 + 10*c**2 + 11*c - 16. What is f(3)?
-2026
Let c(n) = 50*n**2 - 18657*n + 2601. What is c(373)?
-10
Let q(a) = 2*a**2 - 4320*a - 1031608. Determine q(-217).
10
Let q(o) = -330*o**2 - 1482*o - 3. What is q(-4)?
645
Let g(b) = b**3 + 11*b**2 - 114*b + 984. Give g(-20).
-336
Let z(u) = 23*u**2 + 93*u + 233. What is z(-4)?
229
Let g(v) = 3*v**2 - 357*v - 11294. Give g(-26).
16
Let g(s) = 2*s**3 + 43*s**2 - 82*s - 3047. Determine g(-24).
-3959
Let l(f) = -42*f**3 - 3526*f**2 + 175*f + 578. Determine l(-84).
-10
Let z(c) = c**3 - 15*c**2 + 44*c - 523. What is z(14)?
-103
Let i(s) = -3310*s + 6733. Calculate i(2).
113
Let u(p) = 31*p + 371. Determine u(76).
2727
Let v(q) = 4323*q - 24185. Give v(6).
1753
Let g(u) = u**3 + 27*u**2 + 1722*u - 3554. Calculate g(2).
6
Let o(p) = 5*p**3 + 48*p**2 + 72*p + 69. Give o(-8).
5
Let l(k) = 26*k**2 - 2431*k + 50417. What is l(31)?
42
Let a(h) = 160*h**3 + 663*h**2 + 96*h + 17. Determine a(-4).
1
Let u(g) = -2*g**3 + 686*g**2 - 4098*g + 325. Give u(6).
1
Let g(b) = b**2 - 2526*b - 40955. Give g(-16).
-283
Let s(i) = 598957*i - 26354111. Calculate s(44).
-3
Let h(z) = 72*z**2 + 62515*z - 46042. Determine h(-869).
15
Let j(k) = 9*k**2 + 372*k + 1097. What is j(-38)?
-43
Let p(h) = -39*h**2 + 1028*h + 9214. Calculate p(-9).
-3197
Let m(s) = -2*s**2 - 682*s + 51868. Give m(64).
28
Let o(l) = -4*l**2 - 933*l - 2104. What is o(-231)?
-25
Let q(z) = 1038*z + 78841. Determine q(-76).
-47
Let f(v) = -141*v + 4653. Give f(42).
-1269
Let i(v) = -383*v - 19716. Determine i(-52).
200
Let j(h) = -3*h**2 - 18*h - 1297. Determine j(23).
-3298
Let r(x) = 6*x**3 + 219*x**2 + 73*x - 1654. Determine r(-36).
-394
Let j(p) = 35*p**2 - 384*p + 148. Calculate j(6).
-896
Let b(d) = -413*d**2 - 66004*d + 12162. Give b(-160).
2
Let i(v) = 3*v**2 - 699*v + 39490. What is i(137)?
34
Let l(k) = -61*k**2 - 5481*k + 6496. Give l(-91).
126
Let i(u) = -90*u**3 + 13*u**2 - 109*u + 201. Calculate i(2).
-685
Let s(d) = 774*d - 44910. Give s(58).
-18
Let k(x) = x**3 + 6*x**2 + 157*x + 595. What is k(-5)?
-165
Let l(h) = -18*h**3 - 111*h**2 + 289*h + 17. Calculate l(2).
7
Let g(w) = -w**3 - 579*w**2 - 7346*w + 6781. What is g(-566)?
-11
Let f(i) = 487*i + 13135. What is f(-27)?
-14
Let u(t) = 20*t**2 - 3266*t - 84445. Give u(186).
-1
Let f(r) = 95*r**3 - 23*r**2 - 25*r + 2. Calculate f(-2).
-800
Let b(r) = 1919*r - 35274. Calculate b(16).
-4570
Let x(d) = -2*d**3 - 197*d**2 + 482*d - 2311. What is x(-101)?
12
Let r(j) = -98*j**2 - 1233*j - 3869. Determine r(-6).
1
Let g(h) = -4*h**3 - 45*h**2 - 379*h - 2209. What is g(-8)?
-9
Let z(m) = 2*m**3 - 103*m**2 + 69*m - 960. Give z(51).
-42
Let f(a) = 33*a**3 + 2245*a**2 + 12335*a - 179. Calculate f(-62).
7
Let n(w) = 2*w**3 + 37*w**2 - 399*w + 65. Determine n(8).
265
Let g(f) = -f**3 + 12*f**2 + 195*f - 298. Calculate g(-10).
-48
Let n(t) = 4*t**2 - 13*t + 213. What is n(8)?
365
Let l(w) = 15031*w + 435906. What is l(-29)?
7
Let u(h) = -h**3 - 48*h**2 - 47*h - 4676. Give u(-49).
28
Let z(u) = -2*u**2 - 277*u - 10865. What is z(-78)?
-1427
Let s(g) = 23*g - 4143. Calculate s(145).
-808
Let r(h) = -6*h**2 + 976*h - 14193. Calculate r(14).
-1705
Let w(v) = 12*v**2 + 5606*v + 77012. Give w(-453).
2
Let g(q) = 189*q - 17114. Determine g(90).
-104
Let h(f) = 2*f**3 + 404*f**2 + 762*f - 7605. Calculate h(-200).
-5
Let b(p) = -216*p - 32. Calculate b(4).
-896
Let f(o) = 8*o**3 - 2585*o**2 + 305*o + 5815. Give f(323).
1
Let y(f) = 3*f**2 + 1950*f + 151254. What is y(-90)?
54
Let m(u) = -u**3 + 107*u**2 + 7838*u - 599. Calculate m(-50).
1
Let f(h) = -9*h**3 + 36*h**2 - 51*h + 102. Calculate f(2).
72
Let r(j) = 701*j**2 - 7028*j + 187. Determine r(10).
7
Let t(b) = -2*b**2 - 755*b - 16956. What is t(-24)?
12
Let k(s) = 2*s**3 + 7311*s**2 - 58619*s + 10. Determine k(8).
-14
Let n(i) = 11*i**2 - 3647*i + 50726. What is n(317)?
6
Let v(m) = 1469*m - 251205. What is v(171)?
-6
Let q(k) = -577281*k - 3463759. Determine q(-6).
-73
Let q(d) = -4764*d + 12322. Calculate q(3).
-1970
Let v(z) = 769*z + 8941. What is v(-14)?
-1825
Let g(c) = c**3 + 19*c**2 - 141*c + 3. Give g(6).
57
Let f(s) = 38020*s + 228133. Give f(-6).
13
Let g(t) = 3097*t + 9422. Calculate g(-3).
131
Let o(m) = -m**2 + 28894*m - 2305116. Give o(80).
4
Let q(o) = -13*o**2 - 132*o + 23. Determine q(-6).
347
Let q(l) = -l**2 - 1219*l - 193818. Give q(-188).
10
Let v(g) = -g**3 - 95*g**2 + 166*g + 100. Determine v(-97).
2816
Let r(b) = -b**3 - 178*b**2 - 322*b - 25680. What is r(-177)?
-15
Let z(g) = 1174*g**3 + 12915*g**2 + 4*g - 86. Calculate z(-11).
-9
Let i(p) = p**3 - 177*p**2 - 14897*p - 23117. Calculate i(-61).
2
Let i(l) = l**2 + 828*l + 39511. Calculate i(-51).
-116
Let a(r) = -200*r**2 + 1592*r + 54. What is a(8)?
-10
Let o(f) = 605*f**2 + 29670*f + 1219. Determine o(-49).
-6
Let g(z) = z**3 + 48*z**2 + 338*z - 3447. Determine g(-36).
-63
Let f(i) = -300*i - 1898. Determine f(-7).
202
Let y(l) = l**3 + 4*l**2 + 81*l - 927. What is y(6)?
-81
Let j(f) = -12*f**2 + 20*f - 328. Calculate j(13).
-2096
Let o(r) = -1412*r - 323358. Give o(-229).
-10
Let w(b) = -55*b + 307. Calculate w(4).
87
Let c(p) = 117*p**3 + 2359*p**2 + 4552*p - 35. What is c(-18)?
1
Let g(r) = 32541*r + 292838. What is g(-9)?
-31
Let f(m) = 10*m**3 + 72*m**2 - 119*m + 468. What is f(4)?
1784
Let c(u) = u**2 + 250*u + 11514. Determine c(-60).
114
Let g(m) = 2*m**3 + 114*m**2 - 767*m - 656. Determine g(-63).
37
Let h(p) = -24282*p - 1068322. Give h(-44).
86
Let l(r) = 134844*r - 3640898. Determine l(27).
-110
Let v(k) = -1077*k**3 - 85*k**2 - 2*k + 1. Calculate v(-1).
995
Let b(u) = -133*u**2 - 13675*u - 37498. Give b(-100).
2
Let m(s) = -36800*s + 38492809. Determine m(1046).
9
Let t(l) = 257*l**2 - 1664*l + 6664. What is t(4)?
4120
Let z(y) = -2904*y - 145220. What is z(-50)?
-20
Let a(l) = 10*l**2 + 63*l + 370. Give a(-4).
278
Let h(w) = 5*w**3 - 3*w**2 - 471*w - 36. What is h(-10)?
-626
Let i(p) = -37*p**2 - 10075*p + 90711. Determine i(9).
-2961
Let h(r) = -1356*r + 599333. Determine h(442).
-19
Let c(s) = 37*s**2 + 552*s + 2061. What is c(-7)?
10
Let d(b) = -12*b**3 + 46*b**2 - 316*b + 41. Calculate d(6).
-2791
Let h(k) = 3*k**2 + 827*k + 579. Determine h(-275).
29
Let l(d) = -10*d**3 + 214*d**2 - 448*d - 573. What is l(3)?
-261
Let r(h) = 1092246*h - 133. Determine r(0).
-133
Let w(m) = 2*m**3 - 34*m**2 - 3321*m + 50710. Calculate w(15).
-5
Let w(a) = -60*a - 2588. Calculate w(-36).
-428
Let o(h) = -1816*h + 261499. Calculate o(144).
-5
Let g(x) = 18*x**3 - 31*x**2 + 26*x + 6. Determine g(1).
19
Let m(o) = -o**3 + 5*o**2 + 35*o + 116. Give m(-5).
191
Let s(v) = -4032*v - 14573. Calculate s(-4).
1555
Let v(g) = 16*g**2 + 398*g + 3888. Give v(-10).
1508
Let u(f) = -f**3 + 47*f**2 + 363*f + 499. Determine u(-5).
-16
Let t(y) = -10*y**3 - 103*y**2 + 170*y + 1811. Give t(-10).
-189
Let v(p) = -9756*p**2 + 107399*p - 3. Determine v(11).
910
Let m(b) = 28738*b + 804625. Calculate m(-28).
-39
Let d(b) = 4021*b + 128893. Determine d(-32).
221
Let c(b) = -1262*b + 353361. Calculate c(280).
1
Let i(f) = -f**2 - 159*f - 6261. Give i(-70).
-31
Let o(b) = -548*b**3 + 18*b**2 - 99*b + 80. Calculate o(1).
-549
Let b(o) = -2775*o + 871336. What is b(314)?
-14
Let n(w) = -587554*w + 2937754. Determine n(5).
-16
Let p(s) = 32251*s + 120. Determine p(0).
120
Let i(v) = -34*v + 6674. Calculate i(200).
-126
Let o(r) = 533*r + 9615. Determine o(-17).
554
Let h(g) = -2*g**3 - 7*g**2 + 18*g - 22. What is h(-7)?
195
Let h(t) = t**3 - 24*t**2 + 29*t + 459. What is h(21)?
-255
Let x(k) = -184*k**3 + 190*k**2 + 6*k - 2. Calculate x(2).
-702
Let w(x) = x**3 + 1097*x**2 + 3674*x 